composite?
False
Is 1665611629 a composite number?
True
Is 49356481 a composite number?
False
Is 92279173 a composite number?
True
Is 51201727 composite?
False
Is 1227243 prime?
False
Is 422795459 a composite number?
False
Is 79478221 prime?
False
Is 1882570705 a prime number?
False
Is 1073936261 a prime number?
True
Is 16356361 a composite number?
True
Is 149530151 a composite number?
False
Is 44453843 prime?
False
Is 6940627 composite?
True
Is 93232001 prime?
True
Is 140175017 prime?
True
Is 66719693 a prime number?
True
Is 149048549 a prime number?
False
Is 3610286 a composite number?
True
Is 77923021 composite?
True
Is 59416897 a prime number?
True
Is 150851447 composite?
True
Is 311652917 prime?
False
Is 164437121 composite?
True
Is 2344739 composite?
True
Is 5846717 a prime number?
True
Is 10967263 a prime number?
True
Is 4832717 a prime number?
False
Is 101473879 composite?
True
Is 324355 a composite number?
True
Is 1284103 prime?
False
Is 6746479 composite?
False
Is 128352751 composite?
False
Is 57049897 composite?
True
Is 40517401 a prime number?
True
Is 22676561 a composite number?
False
Is 200156479 a prime number?
False
Is 2979227 composite?
False
Is 960373 a composite number?
False
Is 188316097 composite?
True
Is 798749851 composite?
True
Is 21636107 a composite number?
False
Is 990646 a composite number?
True
Is 22337297 a prime number?
True
Is 3123937 a prime number?
False
Is 5128687 composite?
True
Is 33312859 a composite number?
True
Is 35355613 composite?
False
Is 16542371 a prime number?
True
Is 13264334 a prime number?
False
Is 37383161 prime?
True
Is 428782 composite?
True
Is 5788193 a prime number?
True
Is 67648309 prime?
True
Is 127247213 a composite number?
False
Is 14391277 a prime number?
False
Is 3610499 a composite number?
False
Is 128388181 a prime number?
False
Is 1166365561 a composite number?
False
Is 4447151 composite?
False
Is 7854221 a composite number?
True
Is 14623379 a prime number?
True
Is 22026629 composite?
True
Is 1386239 composite?
False
Is 36855341 a composite number?
False
Is 521720131 a prime number?
False
Is 2207873 a composite number?
False
Is 93140134 a prime number?
False
Is 100343 a composite number?
False
Is 761561 composite?
False
Is 3040529 a prime number?
False
Is 447033 prime?
False
Is 3782773 prime?
True
Is 2014267 a composite number?
False
Is 525640639 composite?
True
Is 6076699 a prime number?
False
Is 1396381 a prime number?
False
Is 248707759 composite?
True
Is 10714951 a prime number?
False
Is 119627597 a prime number?
False
Is 5640449 composite?
False
Is 23335189 prime?
True
Is 6061067 a composite number?
False
Is 1350563 composite?
False
Is 4729189 a prime number?
True
Is 57533939 composite?
False
Is 665537 prime?
False
Is 31101929 a composite number?
False
Is 349788031 composite?
False
Is 20640391 prime?
True
Is 38326637 a prime number?
True
Is 168285727 a composite number?
False
Is 21766 a composite number?
True
Is 118025191 a composite number?
False
Is 243550751 a composite number?
False
Is 90441097 composite?
False
Is 1505857 a prime number?
False
Is 7148171 a composite number?
False
Is 59242709 composite?
False
Is 2613571 composite?
True
Is 8568203 composite?
True
Is 302389453 prime?
True
Is 2288711 prime?
True
Is 15483449 a composite number?
False
Is 4228513 a composite number?
False
Is 22831561 composite?
True
Is 67928153 composite?
False
Is 3225169 prime?
False
Is 4420555 a composite number?
True
Is 2802887 a composite number?
True
Is 1044991001 a prime number?
True
Is 14694227 a prime number?
False
Is 31745083 composite?
True
Is 13000069 a composite number?
False
Is 105647081 composite?
False
Is 20523187 a composite number?
False
Is 7179233 composite?
False
Is 35605247 a prime number?
False
Is 1132577 a composite number?
True
Is 558863 a prime number?
True
Is 10293046 a prime number?
False
Is 251245405 a prime number?
False
Is 665004947 a prime number?
False
Is 7310543 prime?
True
Is 492751 a prime number?
False
Is 36326621 prime?
False
Is 10099043 a prime number?
False
Is 31307821 prime?
False
Is 30800783 a prime number?
False
Is 8155421 composite?
False
Is 8134943 prime?
True
Is 135735289 a composite number?
True
Is 2186733 prime?
False
Is 4804271 a composite number?
False
Is 4049351 a prime number?
True
Is 526985777 composite?
True
Is 3910649 a composite number?
True
Is 18021721 a composite number?
True
Is 19024541 a prime number?
True
Is 8778485 a composite number?
True
Is 9467 a prime number?
True
Is 983737 prime?
True
Is 2398961 prime?
True
Is 1203788189 composite?
False
Is 16769033 a composite number?
False
Is 1015585 a prime number?
False
Is 41120511 a prime number?
False
Is 67647 composite?
True
Is 471348887 a composite number?
False
Is 111170821 composite?
False
Is 25072373 a prime number?
True
Is 5912461 prime?
True
Is 9822019 a prime number?
True
Is 1828063 a composite number?
True
Is 2375713 prime?
True
Is 2201449 composite?
True
Is 26721973 composite?
True
Is 1323529 prime?
True
Is 6990463 composite?
False
Is 836975507 a prime number?
False
Is 169178453 a composite number?
False
Is 9227969 prime?
True
Is 3185651 composite?
True
Is 182145511 composite?
False
Is 6031919 prime?
False
Is 381712497 prime?
False
Is 1033429457 prime?
False
Is 14496799 composite?
True
Is 57708877 prime?
True
Is 217574507 a composite number?
False
Is 42803653 prime?
False
Is 2669465 a prime number?
False
Is 236703 composite?
True
Is 5506591 composite?
True
Is 21877741 composite?
True
Is 3751115 a composite number?
True
Is 186240595 a prime number?
False
Is 14227123 a composite number?
True
Is 424889 prime?
True
Is 447994387 prime?
False
Is 118191517 a prime number?
False
Is 51137533 prime?
False
Is 289145 a composite number?
True
Is 7574921 a composite number?
False
Is 239651 composite?
True
Is 126119605 prime?
False
Is 136148953 prime?
False
Is 22997001 a prime number?
False
Is 34503122 composite?
True
Is 71812031 composite?
False
Is 61980101 composite?
True
Is 144571814 prime?
False
Is 7916353 a composite number?
True
Is 6789001 a prime number?
False
Is 537497 a composite number?
False
Is 6605861 composite?
True
Is 2421401 a prime number?
False
Is 213077113 a composite number?
False
Is 15990955 a prime number?
False
Is 114686807 a composite number?
False
Is 7579109 a prime number?
True
Is 146846549 a prime number?
True
Is 71899 a prime number?
True
Is 1759159 a composite number?
False
Is 1668263 composite?
True
Is 14543461 prime?
True
Is 3748301 a prime number?
False
Is 76399627 a prime number?
False
Is 42364717 composite?
True
Is 78155491 a composite number?
True
Is 12639421 a prime number?
False
Is 698657 a prime number?
False
Is 10977173 composite?
False
Is 18303533 composite?
False
Is 15379219 composite?
False
Is 411050183 prime?
True
Is 715393229 a prime number?
True
Is 23853659 a composite number?
True
Is 9691291 composite?
False
Is 41519911 a composite number?
False
Is 90609437 a composite number?
True
Is 18541463 a prime number?
True
Is 1197389 composite?
False
Is 13228529 composite?
False
Is 6781939 composite?
False
Is 3249553 prime?
False
Is 671812003 a composite number?
False
Is 903077 composite?
True
Is 5386319 composite?
False
Is 721263 a prime number?
False
Is 33549677 composite?
True
Is 52503967 composite?
False
Is 305924497 a prime number?
True
Is 120894749 a composite number?
True
Is 8752049 a composite number?
True
Is 43166771 composite?
False
Is 70798019 composite?
True
Is 896353 prime?
True
Is 9914287 a composite number?
False
Is 77555 composite?
True
Is 3842717 a composite number?
False
Is 18700673 composite?
False
Is 90917247 composite?
True
Is 11136187 composite?
False
Is 19449093 a composite number?
True
Is 163240111 a prime number?
True
Is 15043681 composite?
True
Is 3924022 a prime number?
False
Is 97535806 a composite number?
True
Is 5236477 prime?
False
Is 1908337 a prime number?
False
Is 57083343 prime?
False
Is 10578605 a composite number?
True
Is 4211618 a composite number?
True
Is 1196593 a composite number?
False
Is 94049 prime?
True
Is 12044969 prime?
True
Is 551843 prime?
True
Is 71862589 a composite number?
True
Is 8476577 prime?
False
Is 28832831 prime?
False
Is 88618529 composite?
False
Is 41371147 composite?
False
Is 4856219 a composite n